{"id":815,"date":"2018-02-08T09:24:23","date_gmt":"2018-02-08T08:24:23","guid":{"rendered":"http:\/\/www.mediterraneachartersud.com\/?page_id=815"},"modified":"2018-02-08T09:25:01","modified_gmt":"2018-02-08T08:25:01","slug":"genitori-single-in-barca-a-vela","status":"publish","type":"page","link":"https:\/\/www.mediterraneachartersud.com\/en\/genitori-single-in-barca-a-vela\/","title":{"rendered":"Genitori single in barca a vela"},"content":{"rendered":"<div class=\"wpb-content-wrapper\"><p>[vc_row type=&#8221;full_width_section&#8221;][vc_column width=&#8221;1\/4&#8243;][vc_widget_sidebar sidebar_id=&#8221;cs-2&#8243;][\/vc_column][vc_column width=&#8221;3\/4&#8243;][vc_column_text]<\/p>\n<h1>Genitori single in barca a vela\u2026<\/h1>\n<h2>Ancora due appuntamenti Settimanali in luglio!<\/h2>\n<p>[\/vc_column_text][vc_row_inner][vc_column_inner width=&#8221;1\/3&#8243;][vc_single_image image=&#8221;813&#8243; img_size=&#8221;&#8221; onclick=&#8221;custom_link&#8221; link=&#8221;https:\/\/www.mediterraneachartersud.com\/flotta-barche-a-vela\/noleggio-barca-vela-oceanis-523-napoli\/&#8221;][\/vc_column_inner][vc_column_inner width=&#8221;2\/3&#8243;][vc_column_text]In vacanza con mamma, o pap\u00e0, single? Il vostro partner non pu\u00f2 prendere ferie? Allora avete proprio bisogno di una bella vacanza in barca a vela che vi aiuti a rilassarvi, senza stress e preoccupazioni\u2026<br \/>\nIn molti casi l\u2019adulto che viaggia insieme ad un solo bambino fatica ancora a trovare delle offerte tariffarie interessanti ed ecco che la Mediterranea Charter Sud ha pensato alla Promozione single + bambino: Un adulto + bambino fino a 12 anni in cabina doppia pagano una quota intera e una scontata del 40% .<br \/>\n<strong>Cabin Charter: Genitore + figlio 1040,00 euro<br \/>\nImbarchi individuali o crociere per Genitori singles: per chi si muove da solo 650,00 euro<\/strong>[\/vc_column_text][\/vc_column_inner][\/vc_row_inner][vc_column_text]<\/p>\n<h4><strong>Settimana dal 21 giugno al 28 giugno: chiusa<\/strong><br \/>\n<strong> Settimana dal 12 luglio al 19 luglio: chiusa<\/strong><br \/>\n<strong> Settimana dal 19 luglio al 26 luglio: chiusa<\/strong><\/h4>\n<p>In ogni itinerario descritto, le tappe stabilite costituiscono un suggerimento che deriva dalla nostra esperienza di navigazione per creare ogni giorno una vacanza all\u2019insegna del relax e del contatto con la natura senza dimenticare la scoperta dei luoghi e delle tradizioni e dei luoghi di interesse nonch\u00e9 delle specialit\u00e0 locali![\/vc_column_text][vc_row_inner][vc_column_inner width=&#8221;1\/2&#8243;][vc_column_text]Gli itinerari sono concepiti in modo da non avere mai lunghi e stancanti spostamenti in un\u2019unica giornata e di trovare sempre il tempo per un bel bagno rilassante in baie protette e suggestive.<br \/>\nNon \u00e8 necessaria alcuna competenza di navigazione o di vela, perch\u00e9 la barca \u00e8 condotta da skipper esperto, che sar\u00e0 comunque sempre lieto di coinvolgervi nella navigazione e fare un po\u2019 di scuola vela.[\/vc_column_text][\/vc_column_inner][vc_column_inner width=&#8221;1\/2&#8243;][vc_video link=&#8221;https:\/\/youtu.be\/lu7sx6Gkx4U&#8221; align=&#8221;right&#8221;][\/vc_column_inner][\/vc_row_inner][vc_column_text]La cambusa (cio\u00e8 il cibo che mangiamo a bordo) la comprate voi scegliendo ci\u00f2 che pi\u00f9 vi piace, la barca \u00e8 fornita di cucina con fornelli e forno a gas quindi sar\u00e0 sempre a vostra scelta se cucinare a bordo o scendere a terra per trovare un bel ristorantino, anche sotto la guida del nostro Skipper.<br \/>\nCos\u00ec come se fermarci in rada all\u2019ancora o in porto\u2026<br \/>\nInsomma la vacanza in barca a vela, con imbarco alla cabina, in pratica la fate voi!<br \/>\nIn Barca per nuove amicizie, esplorare nuove baie e calette e tanto tanto mare, per trascorrere con il nostro skipper una vacanza indimenticabile![\/vc_column_text][vc_row_inner][vc_column_inner width=&#8221;1\/2&#8243;][vc_column_text]<\/p>\n<h4><span style=\"color: #008000;\">La quota individuale COMPRENDE:<\/span><\/h4>\n<ul>\n<li>Sistemazione in cabina doppia<\/li>\n<li>Skipper<\/li>\n<li>Lezioni di vela (per chi le desidera)<\/li>\n<li>Dotazioni di bordo<\/li>\n<li>Tender con motore F\/B<\/li>\n<li>Consumo gas<\/li>\n<li>Coperte<\/li>\n<li>Pulizia finale<\/li>\n<\/ul>\n<p>[\/vc_column_text][\/vc_column_inner][vc_column_inner width=&#8221;1\/2&#8243;][vc_column_text]<\/p>\n<h4><span style=\"color: #911111;\">ESCLUSO:<\/span><\/h4>\n<ul>\n<li>Ormeggi<\/li>\n<li>Vitto<\/li>\n<li>Vitto equipaggio<\/li>\n<li>Carburante<\/li>\n<li>Lenzuola 10 \u20ac a persona (facoltative)<\/li>\n<li>\u2026tutto quanto non specificato nella voce \u201cComprende\u201d.<\/li>\n<\/ul>\n<p>[\/vc_column_text][\/vc_column_inner][\/vc_row_inner][vc_empty_space][\/vc_column][\/vc_row]<\/p>\n<\/div>","protected":false},"excerpt":{"rendered":"<p>[vc_row type=&#8221;full_width_section&#8221;][vc_column width=&#8221;1\/4&#8243;][vc_widget_sidebar sidebar_id=&#8221;cs-2&#8243;][\/vc_column][vc_column width=&#8221;3\/4&#8243;][vc_column_text] Genitori single in barca a vela\u2026 Ancora due appuntamenti Settimanali in luglio! [\/vc_column_text][vc_row_inner][vc_column_inner width=&#8221;1\/3&#8243;][vc_single_image image=&#8221;813&#8243; img_size=&#8221;&#8221; onclick=&#8221;custom_link&#8221; link=&#8221;https:\/\/www.mediterraneachartersud.com\/flotta-barche-a-vela\/noleggio-barca-vela-oceanis-523-napoli\/&#8221;][\/vc_column_inner][vc_column_inner width=&#8221;2\/3&#8243;][vc_column_text]In vacanza con mamma, o pap\u00e0, single? Il vostro partner non pu\u00f2 prendere ferie? Allora avete proprio bisogno di una bella vacanza in barca a vela che vi aiuti a rilassarvi, senza<\/p>\n","protected":false},"author":1,"featured_media":0,"parent":0,"menu_order":-94,"comment_status":"closed","ping_status":"closed","template":"","meta":{"footnotes":""},"class_list":["post-815","page","type-page","status-publish","hentry"],"yoast_head":"<!-- This site is optimized with the Yoast SEO plugin v27.0 - https:\/\/yoast.com\/product\/yoast-seo-wordpress\/ -->\n<title>Genitori single in barca a vela - Mediterranea Charter Sud<\/title>\n<meta name=\"robots\" content=\"index, follow, max-snippet:-1, max-image-preview:large, max-video-preview:-1\" \/>\n<link rel=\"canonical\" href=\"https:\/\/www.mediterraneachartersud.com\/en\/genitori-single-in-barca-a-vela\/\" \/>\n<meta property=\"og:locale\" content=\"en_US\" \/>\n<meta property=\"og:type\" content=\"article\" \/>\n<meta property=\"og:title\" content=\"Genitori single in barca a vela - Mediterranea Charter Sud\" \/>\n<meta property=\"og:description\" content=\"[vc_row type=&#8221;full_width_section&#8221;][vc_column width=&#8221;1\/4&#8243;][vc_widget_sidebar sidebar_id=&#8221;cs-2&#8243;][\/vc_column][vc_column width=&#8221;3\/4&#8243;][vc_column_text] Genitori single in barca a vela\u2026 Ancora due appuntamenti Settimanali in luglio! [\/vc_column_text][vc_row_inner][vc_column_inner width=&#8221;1\/3&#8243;][vc_single_image image=&#8221;813&#8243; img_size=&#8221;&#8221; onclick=&#8221;custom_link&#8221; link=&#8221;https:\/\/www.mediterraneachartersud.com\/flotta-barche-a-vela\/noleggio-barca-vela-oceanis-523-napoli\/&#8221;][\/vc_column_inner][vc_column_inner width=&#8221;2\/3&#8243;][vc_column_text]In vacanza con mamma, o pap\u00e0, single? Il vostro partner non pu\u00f2 prendere ferie? Allora avete proprio bisogno di una bella vacanza in barca a vela che vi aiuti a rilassarvi, senza\" \/>\n<meta property=\"og:url\" content=\"https:\/\/www.mediterraneachartersud.com\/en\/genitori-single-in-barca-a-vela\/\" \/>\n<meta property=\"og:site_name\" content=\"Mediterranea Charter Sud\" \/>\n<meta property=\"article:publisher\" content=\"https:\/\/www.facebook.com\/vacanze.barca.vela\" \/>\n<meta property=\"article:modified_time\" content=\"2018-02-08T08:25:01+00:00\" \/>\n<meta name=\"twitter:label1\" content=\"Est. reading time\" \/>\n\t<meta name=\"twitter:data1\" content=\"3 minutes\" \/>\n<script type=\"application\/ld+json\" class=\"yoast-schema-graph\">{\"@context\":\"https:\/\/schema.org\",\"@graph\":[{\"@type\":\"WebPage\",\"@id\":\"https:\/\/www.mediterraneachartersud.com\/en\/genitori-single-in-barca-a-vela\/\",\"url\":\"https:\/\/www.mediterraneachartersud.com\/en\/genitori-single-in-barca-a-vela\/\",\"name\":\"Genitori single in barca a vela - Mediterranea Charter Sud\",\"isPartOf\":{\"@id\":\"https:\/\/www.mediterraneachartersud.com\/#website\"},\"datePublished\":\"2018-02-08T08:24:23+00:00\",\"dateModified\":\"2018-02-08T08:25:01+00:00\",\"breadcrumb\":{\"@id\":\"https:\/\/www.mediterraneachartersud.com\/en\/genitori-single-in-barca-a-vela\/#breadcrumb\"},\"inLanguage\":\"en-US\",\"potentialAction\":[{\"@type\":\"ReadAction\",\"target\":[\"https:\/\/www.mediterraneachartersud.com\/en\/genitori-single-in-barca-a-vela\/\"]}]},{\"@type\":\"BreadcrumbList\",\"@id\":\"https:\/\/www.mediterraneachartersud.com\/en\/genitori-single-in-barca-a-vela\/#breadcrumb\",\"itemListElement\":[{\"@type\":\"ListItem\",\"position\":1,\"name\":\"Home\",\"item\":\"https:\/\/www.mediterraneachartersud.com\/\"},{\"@type\":\"ListItem\",\"position\":2,\"name\":\"Genitori single in barca a vela\"}]},{\"@type\":\"WebSite\",\"@id\":\"https:\/\/www.mediterraneachartersud.com\/#website\",\"url\":\"https:\/\/www.mediterraneachartersud.com\/\",\"name\":\"Mediterranea Charter Sud\",\"description\":\"Noleggio barche a vela a Napoli\",\"potentialAction\":[{\"@type\":\"SearchAction\",\"target\":{\"@type\":\"EntryPoint\",\"urlTemplate\":\"https:\/\/www.mediterraneachartersud.com\/?s={search_term_string}\"},\"query-input\":{\"@type\":\"PropertyValueSpecification\",\"valueRequired\":true,\"valueName\":\"search_term_string\"}}],\"inLanguage\":\"en-US\"}]}<\/script>\n<!-- \/ Yoast SEO plugin. -->","yoast_head_json":{"title":"Genitori single in barca a vela - Mediterranea Charter Sud","robots":{"index":"index","follow":"follow","max-snippet":"max-snippet:-1","max-image-preview":"max-image-preview:large","max-video-preview":"max-video-preview:-1"},"canonical":"https:\/\/www.mediterraneachartersud.com\/en\/genitori-single-in-barca-a-vela\/","og_locale":"en_US","og_type":"article","og_title":"Genitori single in barca a vela - Mediterranea Charter Sud","og_description":"[vc_row type=&#8221;full_width_section&#8221;][vc_column width=&#8221;1\/4&#8243;][vc_widget_sidebar sidebar_id=&#8221;cs-2&#8243;][\/vc_column][vc_column width=&#8221;3\/4&#8243;][vc_column_text] Genitori single in barca a vela\u2026 Ancora due appuntamenti Settimanali in luglio! [\/vc_column_text][vc_row_inner][vc_column_inner width=&#8221;1\/3&#8243;][vc_single_image image=&#8221;813&#8243; img_size=&#8221;&#8221; onclick=&#8221;custom_link&#8221; link=&#8221;https:\/\/www.mediterraneachartersud.com\/flotta-barche-a-vela\/noleggio-barca-vela-oceanis-523-napoli\/&#8221;][\/vc_column_inner][vc_column_inner width=&#8221;2\/3&#8243;][vc_column_text]In vacanza con mamma, o pap\u00e0, single? Il vostro partner non pu\u00f2 prendere ferie? Allora avete proprio bisogno di una bella vacanza in barca a vela che vi aiuti a rilassarvi, senza","og_url":"https:\/\/www.mediterraneachartersud.com\/en\/genitori-single-in-barca-a-vela\/","og_site_name":"Mediterranea Charter Sud","article_publisher":"https:\/\/www.facebook.com\/vacanze.barca.vela","article_modified_time":"2018-02-08T08:25:01+00:00","twitter_misc":{"Est. reading time":"3 minutes"},"schema":{"@context":"https:\/\/schema.org","@graph":[{"@type":"WebPage","@id":"https:\/\/www.mediterraneachartersud.com\/en\/genitori-single-in-barca-a-vela\/","url":"https:\/\/www.mediterraneachartersud.com\/en\/genitori-single-in-barca-a-vela\/","name":"Genitori single in barca a vela - Mediterranea Charter Sud","isPartOf":{"@id":"https:\/\/www.mediterraneachartersud.com\/#website"},"datePublished":"2018-02-08T08:24:23+00:00","dateModified":"2018-02-08T08:25:01+00:00","breadcrumb":{"@id":"https:\/\/www.mediterraneachartersud.com\/en\/genitori-single-in-barca-a-vela\/#breadcrumb"},"inLanguage":"en-US","potentialAction":[{"@type":"ReadAction","target":["https:\/\/www.mediterraneachartersud.com\/en\/genitori-single-in-barca-a-vela\/"]}]},{"@type":"BreadcrumbList","@id":"https:\/\/www.mediterraneachartersud.com\/en\/genitori-single-in-barca-a-vela\/#breadcrumb","itemListElement":[{"@type":"ListItem","position":1,"name":"Home","item":"https:\/\/www.mediterraneachartersud.com\/"},{"@type":"ListItem","position":2,"name":"Genitori single in barca a vela"}]},{"@type":"WebSite","@id":"https:\/\/www.mediterraneachartersud.com\/#website","url":"https:\/\/www.mediterraneachartersud.com\/","name":"Mediterranea Charter Sud","description":"Noleggio barche a vela a Napoli","potentialAction":[{"@type":"SearchAction","target":{"@type":"EntryPoint","urlTemplate":"https:\/\/www.mediterraneachartersud.com\/?s={search_term_string}"},"query-input":{"@type":"PropertyValueSpecification","valueRequired":true,"valueName":"search_term_string"}}],"inLanguage":"en-US"}]}},"_links":{"self":[{"href":"https:\/\/www.mediterraneachartersud.com\/en\/wp-json\/wp\/v2\/pages\/815","targetHints":{"allow":["GET"]}}],"collection":[{"href":"https:\/\/www.mediterraneachartersud.com\/en\/wp-json\/wp\/v2\/pages"}],"about":[{"href":"https:\/\/www.mediterraneachartersud.com\/en\/wp-json\/wp\/v2\/types\/page"}],"author":[{"embeddable":true,"href":"https:\/\/www.mediterraneachartersud.com\/en\/wp-json\/wp\/v2\/users\/1"}],"replies":[{"embeddable":true,"href":"https:\/\/www.mediterraneachartersud.com\/en\/wp-json\/wp\/v2\/comments?post=815"}],"version-history":[{"count":2,"href":"https:\/\/www.mediterraneachartersud.com\/en\/wp-json\/wp\/v2\/pages\/815\/revisions"}],"predecessor-version":[{"id":817,"href":"https:\/\/www.mediterraneachartersud.com\/en\/wp-json\/wp\/v2\/pages\/815\/revisions\/817"}],"wp:attachment":[{"href":"https:\/\/www.mediterraneachartersud.com\/en\/wp-json\/wp\/v2\/media?parent=815"}],"curies":[{"name":"wp","href":"https:\/\/api.w.org\/{rel}","templated":true}]}}

<div class="wpb-content-wrapper"><p>[vc_row type=&#8221;full_width_section&#8221;][vc_column width=&#8221;1/4&#8243;][vc_widget_sidebar sidebar_id=&#8221;cs-2&#8243;][/vc_column][vc_column width=&#8221;3/4&#8243;][vc_column_text]</p>
<h1>Genitori single in barca a vela…</h1>
<h2>Ancora due appuntamenti Settimanali in luglio!</h2>
<p>[/vc_column_text][vc_row_inner][vc_column_inner width=&#8221;1/3&#8243;][vc_single_image image=&#8221;813&#8243; img_size=&#8221;&#8221; onclick=&#8221;custom_link&#8221; link=&#8221;https://www.mediterraneachartersud.com/flotta-barche-a-vela/noleggio-barca-vela-oceanis-523-napoli/&#8221;][/vc_column_inner][vc_column_inner width=&#8221;2/3&#8243;][vc_column_text]In vacanza con mamma, o papà, single? Il vostro partner non può prendere ferie? Allora avete proprio bisogno di una bella vacanza in barca a vela che vi aiuti a rilassarvi, senza stress e preoccupazioni…<br />
In molti casi l’adulto che viaggia insieme ad un solo bambino fatica ancora a trovare delle offerte tariffarie interessanti ed ecco che la Mediterranea Charter Sud ha pensato alla Promozione single + bambino: Un adulto + bambino fino a 12 anni in cabina doppia pagano una quota intera e una scontata del 40% .<br />
<strong>Cabin Charter: Genitore + figlio 1040,00 euro<br />
Imbarchi individuali o crociere per Genitori singles: per chi si muove da solo 650,00 euro</strong>[/vc_column_text][/vc_column_inner][/vc_row_inner][vc_column_text]</p>
<h4><strong>Settimana dal 21 giugno al 28 giugno: chiusa</strong><br />
<strong> Settimana dal 12 luglio al 19 luglio: chiusa</strong><br />
<strong> Settimana dal 19 luglio al 26 luglio: chiusa</strong></h4>
<p>In ogni itinerario descritto, le tappe stabilite costituiscono un suggerimento che deriva dalla nostra esperienza di navigazione per creare ogni giorno una vacanza all’insegna del relax e del contatto con la natura senza dimenticare la scoperta dei luoghi e delle tradizioni e dei luoghi di interesse nonché delle specialità locali![/vc_column_text][vc_row_inner][vc_column_inner width=&#8221;1/2&#8243;][vc_column_text]Gli itinerari sono concepiti in modo da non avere mai lunghi e stancanti spostamenti in un’unica giornata e di trovare sempre il tempo per un bel bagno rilassante in baie protette e suggestive.<br />
Non è necessaria alcuna competenza di navigazione o di vela, perché la barca è condotta da skipper esperto, che sarà comunque sempre lieto di coinvolgervi nella navigazione e fare un po’ di scuola vela.[/vc_column_text][/vc_column_inner][vc_column_inner width=&#8221;1/2&#8243;][vc_video link=&#8221;https://youtu.be/lu7sx6Gkx4U&#8221; align=&#8221;right&#8221;][/vc_column_inner][/vc_row_inner][vc_column_text]La cambusa (cioè il cibo che mangiamo a bordo) la comprate voi scegliendo ciò che più vi piace, la barca è fornita di cucina con fornelli e forno a gas quindi sarà sempre a vostra scelta se cucinare a bordo o scendere a terra per trovare un bel ristorantino, anche sotto la guida del nostro Skipper.<br />
Così come se fermarci in rada all’ancora o in porto…<br />
Insomma la vacanza in barca a vela, con imbarco alla cabina, in pratica la fate voi!<br />
In Barca per nuove amicizie, esplorare nuove baie e calette e tanto tanto mare, per trascorrere con il nostro skipper una vacanza indimenticabile![/vc_column_text][vc_row_inner][vc_column_inner width=&#8221;1/2&#8243;][vc_column_text]</p>
<h4><span style="color: #008000;">La quota individuale COMPRENDE:</span></h4>
<ul>
<li>Sistemazione in cabina doppia</li>
<li>Skipper</li>
<li>Lezioni di vela (per chi le desidera)</li>
<li>Dotazioni di bordo</li>
<li>Tender con motore F/B</li>
<li>Consumo gas</li>
<li>Coperte</li>
<li>Pulizia finale</li>
</ul>
<p>[/vc_column_text][/vc_column_inner][vc_column_inner width=&#8221;1/2&#8243;][vc_column_text]</p>
<h4><span style="color: #911111;">ESCLUSO:</span></h4>
<ul>
<li>Ormeggi</li>
<li>Vitto</li>
<li>Vitto equipaggio</li>
<li>Carburante</li>
<li>Lenzuola 10 € a persona (facoltative)</li>
<li>…tutto quanto non specificato nella voce “Comprende”.</li>
</ul>
<p>[/vc_column_text][/vc_column_inner][/vc_row_inner][vc_empty_space][/vc_column][/vc_row]</p>
</div>

<p>[vc_row type=&#8221;full_width_section&#8221;][vc_column width=&#8221;1/4&#8243;][vc_widget_sidebar sidebar_id=&#8221;cs-2&#8243;][/vc_column][vc_column width=&#8221;3/4&#8243;][vc_column_text] Genitori single in barca a vela… Ancora due appuntamenti Settimanali in luglio! [/vc_column_text][vc_row_inner][vc_column_inner width=&#8221;1/3&#8243;][vc_single_image image=&#8221;813&#8243; img_size=&#8221;&#8221; onclick=&#8221;custom_link&#8221; link=&#8221;https://www.mediterraneachartersud.com/flotta-barche-a-vela/noleggio-barca-vela-oceanis-523-napoli/&#8221;][/vc_column_inner][vc_column_inner width=&#8221;2/3&#8243;][vc_column_text]In vacanza con mamma, o papà, single? Il vostro partner non può prendere ferie? Allora avete proprio bisogno di una bella vacanza in barca a vela che vi aiuti a rilassarvi, senza</p>

<!-- This site is optimized with the Yoast SEO plugin v27.0 - https://yoast.com/product/yoast-seo-wordpress/ -->
<title>Genitori single in barca a vela - Mediterranea Charter Sud</title>
<meta name="robots" content="index, follow, max-snippet:-1, max-image-preview:large, max-video-preview:-1" />
<link rel="canonical" href="https://www.mediterraneachartersud.com/en/genitori-single-in-barca-a-vela/" />
<meta property="og:locale" content="en_US" />
<meta property="og:type" content="article" />
<meta property="og:title" content="Genitori single in barca a vela - Mediterranea Charter Sud" />
<meta property="og:description" content="[vc_row type=&#8221;full_width_section&#8221;][vc_column width=&#8221;1/4&#8243;][vc_widget_sidebar sidebar_id=&#8221;cs-2&#8243;][/vc_column][vc_column width=&#8221;3/4&#8243;][vc_column_text] Genitori single in barca a vela… Ancora due appuntamenti Settimanali in luglio! [/vc_column_text][vc_row_inner][vc_column_inner width=&#8221;1/3&#8243;][vc_single_image image=&#8221;813&#8243; img_size=&#8221;&#8221; onclick=&#8221;custom_link&#8221; link=&#8221;https://www.mediterraneachartersud.com/flotta-barche-a-vela/noleggio-barca-vela-oceanis-523-napoli/&#8221;][/vc_column_inner][vc_column_inner width=&#8221;2/3&#8243;][vc_column_text]In vacanza con mamma, o papà, single? Il vostro partner non può prendere ferie? Allora avete proprio bisogno di una bella vacanza in barca a vela che vi aiuti a rilassarvi, senza" />
<meta property="og:url" content="https://www.mediterraneachartersud.com/en/genitori-single-in-barca-a-vela/" />
<meta property="og:site_name" content="Mediterranea Charter Sud" />
<meta property="article:publisher" content="https://www.facebook.com/vacanze.barca.vela" />
<meta property="article:modified_time" content="2018-02-08T08:25:01+00:00" />
<meta name="twitter:label1" content="Est. reading time" />
	<meta name="twitter:data1" content="3 minutes" />
<script type="application/ld+json" class="yoast-schema-graph">{"@context":"https://schema.org","@graph":[{"@type":"WebPage","@id":"https://www.mediterraneachartersud.com/en/genitori-single-in-barca-a-vela/","url":"https://www.mediterraneachartersud.com/en/genitori-single-in-barca-a-vela/","name":"Genitori single in barca a vela - Mediterranea Charter Sud","isPartOf":{"@id":"https://www.mediterraneachartersud.com/#website"},"datePublished":"2018-02-08T08:24:23+00:00","dateModified":"2018-02-08T08:25:01+00:00","breadcrumb":{"@id":"https://www.mediterraneachartersud.com/en/genitori-single-in-barca-a-vela/#breadcrumb"},"inLanguage":"en-US","potentialAction":[{"@type":"ReadAction","target":["https://www.mediterraneachartersud.com/en/genitori-single-in-barca-a-vela/"]}]},{"@type":"BreadcrumbList","@id":"https://www.mediterraneachartersud.com/en/genitori-single-in-barca-a-vela/#breadcrumb","itemListElement":[{"@type":"ListItem","position":1,"name":"Home","item":"https://www.mediterraneachartersud.com/"},{"@type":"ListItem","position":2,"name":"Genitori single in barca a vela"}]},{"@type":"WebSite","@id":"https://www.mediterraneachartersud.com/#website","url":"https://www.mediterraneachartersud.com/","name":"Mediterranea Charter Sud","description":"Noleggio barche a vela a Napoli","potentialAction":[{"@type":"SearchAction","target":{"@type":"EntryPoint","urlTemplate":"https://www.mediterraneachartersud.com/?s={search_term_string}"},"query-input":{"@type":"PropertyValueSpecification","valueRequired":true,"valueName":"search_term_string"}}],"inLanguage":"en-US"}]}</script>
<!-- / Yoast SEO plugin. -->

[vc_row type=&#8221;full_width_section&#8221;][vc_column width=&#8221;1/4&#8243;][vc_widget_sidebar sidebar_id=&#8221;cs-2&#8243;][/vc_column][vc_column width=&#8221;3/4&#8243;][vc_column_text] Genitori single in barca a vela… Ancora due appuntamenti Settimanali in luglio! [/vc_column_text][vc_row_inner][vc_column_inner width=&#8221;1/3&#8243;][vc_single_image image=&#8221;813&#8243; img_size=&#8221;&#8221; onclick=&#8221;custom_link&#8221; link=&#8221;https://www.mediterraneachartersud.com/flotta-barche-a-vela/noleggio-barca-vela-oceanis-523-napoli/&#8221;][/vc_column_inner][vc_column_inner width=&#8221;2/3&#8243;][vc_column_text]In vacanza con mamma, o papà, single? Il vostro partner non può prendere ferie? Allora avete proprio bisogno di una bella vacanza in barca a vela che vi aiuti a rilassarvi, senza
